{"id":794,"date":"2018-06-06T12:40:47","date_gmt":"2018-06-06T12:40:47","guid":{"rendered":"http:\/\/esterilizacionweb.propla.net\/politica-de-privacidad\/"},"modified":"2018-06-26T14:37:07","modified_gmt":"2018-06-26T14:37:07","slug":"politica-de-privacidad","status":"publish","type":"page","link":"https:\/\/esterilizacion.eu\/en\/politica-de-privacidad\/","title":{"rendered":"Pol\u00edtica de privacidad"},"content":{"rendered":"<p>Los datos de car\u00e1cter personal que se pudieran recabar directamente del interesado (el \u201cUsuario\u201d) ser\u00e1n tratados de forma confidencial y quedar\u00e1n incorporados a la correspondiente actividad de tratamiento titularidad del Responsable del Tratamiento, conforme a las normativas vigentes de protecci\u00f3n de datos personales <a href=\"https:\/\/www.aepd.es\/normativa\/index.html\">https:\/\/www.aepd.es\/normativa\/index.html<\/a><\/p>\n<p>En este sentido, trataremos los datos personales con lealtad, transparencia y licitud, solicitando tu consentimiento, tratando los datos estrictamente necesarios para las finalidades requeridas, limitando su conservaci\u00f3n a los plazos legalmente establecidos o los necesarios para las finalidades establecidas. asimismo, hemos aplicado las medidas t\u00e9cnicas y organizativas adecuadas, para garantizar la seguridad y confidencialidad de los datos, evitando su uso indebido, destrucci\u00f3n no autorizada o accesos no autorizados.<\/p>\n<p><strong>1.- Responsable del Tratamiento<\/strong><\/p>\n<ul>\n<li>Empresa: Esterilizacion SL<\/li>\n<li>CIF: B58271065<\/li>\n<li>Domicilio social: Calle de la Verneda del Congost, n\u00ba12 (P.I del Circuit de Catalunya)<\/li>\n<li>Tel\u00e9fono: 579.92.82<\/li>\n<li>Correo electr\u00f3nico: <a href=\"mailto:esterilizacion@esterilizacion.eu\">esterilizacion@esterilizacion.eu<\/a><\/li>\n<\/ul>\n<p><strong>2.- Finalidades del Tratamiento<\/strong><\/p>\n<p>Los datos personales solicitados son necesarios para gestionar los servicios que el Responsable del Tratamiento ofrece en el Sitio Web, por lo que, si no nos los facilita, no podremos atenderle correctamente ni prestarle el servicio que ha solicitado.\u00a0 En este Sitio Web, tratamos sus datos personales con las siguientes finalidades:<\/p>\n<p><strong>Formulario de Contacto<\/strong><\/p>\n<p>Estos datos se utilizan para hacer un seguimiento de las consultas de los usuarios. Este tratamiento se legitima por el inter\u00e9s del interesado y del responsable del tratamiento. En este formulario se solicitan los siguientes datos personales:<\/p>\n<ul>\n<li>Campos Obligatorios: Nombre, correo electr\u00f3nico.<\/li>\n<\/ul>\n<p>Estos datos no ser\u00e1n cedidos a terceros, y se conservar\u00e1n mientras exista una actividad comunicativa y, salvo que el Usuario solicite la baja, momento en el que quedar\u00e1n bloqueados a efectos de poder demostrar que el usuario consinti\u00f3 el tratamiento.<\/p>\n<p><strong>3.- Cesi\u00f3n de Datos<\/strong><\/p>\n<p>El Responsable del Tratamiento no ceder\u00e1 los datos a terceros salvo consentimiento del Usuario, salvo que exista una obligaci\u00f3n legal, o un inter\u00e9s por parte del Usuario.<\/p>\n<p><strong>4.- Obtenci\u00f3n de los Datos<\/strong><\/p>\n<p>Los datos personales son obtenidos mediante el consentimiento del Usuario, mediante formularios u otros m\u00e9todos transparentes y no invasivos con la privacidad del Usuario. \u00c9ste es el responsable de la exactitud y veracidad de los datos facilitados, y de su correcci\u00f3n en caso que hubieren sido actualizados.\u00a0 Los menores de 14 a\u00f1os requerir\u00e1n de la autorizaci\u00f3n de sus padres o de un representante legal para facilitar sus datos personales.<\/p>\n<p><strong>5.- Derechos de los Usuarios<\/strong><\/p>\n<p>Cualquier Usuario puede retirar su consentimiento en cualquier momento, cuando el mismo se haya otorgado para el tratamiento de sus datos.<\/p>\n<p><strong>Derecho de Acceso<\/strong><\/p>\n<p>El Usuario tiene el derecho a conocer qu\u00e9 informaci\u00f3n dispone el Responsable del Tratamiento y a obtener una copia de los mismos.<\/p>\n<p><strong>Derecho de Rectificaci\u00f3n<\/strong><\/p>\n<p>El Usuario tiene el derecho a que se rectifiquen sus datos para actualizarlos o porque son inexactos.<\/p>\n<p><strong>Derecho de Limitaci\u00f3n y Oposici\u00f3n<\/strong><\/p>\n<p>El Usuario tiene el derecho a limitar y oponerse al tratamiento en determinadas circunstancias reconocidas de forma expresa en la normativa.<\/p>\n<p><strong>Derecho de Supresi\u00f3n<\/strong><\/p>\n<p>El Usuario tiene el derecho a que se supriman sus datos. Cuando la conservaci\u00f3n sea necesaria para el cumplimiento de una obligaci\u00f3n legal, para el desarrollo de una relaci\u00f3n contractual, o para determinar posibles responsabilidades del Responsable del Tratamiento y del Usuario, los datos permanecer\u00e1n bloqueados de manera que no se pueda realizar tratamiento sobre los mismos.<\/p>\n<p>Puede ejercitar estos derechos mediante el env\u00edo de un correo electr\u00f3nico a:\u00a0<a href=\"mailto:esterilizacion@esterilizacion.eu\">esterilizacion@esterilizacion.eu<\/a><\/p>\n<p>No obstante, tambi\u00e9n puede dirigirse ante la Autoridad de Protecci\u00f3n de Datos Personales (<a href=\"http:\/\/www.aepd.es\">www.aepd.es<\/a>)<\/p>\n<p><strong>6.- Modificaci\u00f3n de la Pol\u00edtica de Privacidad<\/strong><\/p>\n<p>El Responsable del Tratamiento se reserva el derecho de efectuar, en cualquier momento y sin necesidad de previo aviso, modificaciones y actualizaciones del contenido de esta Pol\u00edtica de Privacidad.<\/p>\n","protected":false},"excerpt":{"rendered":"<p>Los datos de car\u00e1cter personal que se pudieran recabar directamente del interesado (el \u201cUsuario\u201d) ser\u00e1n tratados de forma confidencial y quedar\u00e1n incorporados a la correspondiente actividad de tratamiento titularidad del Responsable del Tratamiento, conforme a las normativas vigentes de protecci\u00f3n de datos personales https:\/\/www.aepd.es\/normativa\/index.html En este sentido, trataremos los datos personales con lealtad, transparencia y licitud, solicitando tu consentimiento, tratando los datos estrictamente necesarios para las finalidades requeridas, limitando su conservaci\u00f3n a los plazos legalmente establecidos o los necesarios para las finalidades establecidas. asimismo, hemos aplicado las medidas t\u00e9cnicas y organizativas adecuadas, para garantizar la seguridad y confidencialidad de los datos, evitando su uso indebido, destrucci\u00f3n no autorizada o accesos &hellip; <a href=\"https:\/\/esterilizacion.eu\/en\/politica-de-privacidad\/\" class=\"more-link\">Continue reading <span class=\"screen-reader-text\">Pol\u00edtica de privacidad<\/span> <span class=\"meta-nav\">&rarr;<\/span><\/a><\/p>\n","protected":false},"author":1,"featured_media":0,"parent":0,"menu_order":0,"comment_status":"closed","ping_status":"closed","template":"page-empresa.php","meta":{"_acf_changed":false,"footnotes":""},"class_list":["post-794","page","type-page","status-publish","hentry"],"acf":[],"_links":{"self":[{"href":"https:\/\/esterilizacion.eu\/en\/wp-json\/wp\/v2\/pages\/794","targetHints":{"allow":["GET"]}}],"collection":[{"href":"https:\/\/esterilizacion.eu\/en\/wp-json\/wp\/v2\/pages"}],"about":[{"href":"https:\/\/esterilizacion.eu\/en\/wp-json\/wp\/v2\/types\/page"}],"author":[{"embeddable":true,"href":"https:\/\/esterilizacion.eu\/en\/wp-json\/wp\/v2\/users\/1"}],"replies":[{"embeddable":true,"href":"https:\/\/esterilizacion.eu\/en\/wp-json\/wp\/v2\/comments?post=794"}],"version-history":[{"count":1,"href":"https:\/\/esterilizacion.eu\/en\/wp-json\/wp\/v2\/pages\/794\/revisions"}],"predecessor-version":[{"id":854,"href":"https:\/\/esterilizacion.eu\/en\/wp-json\/wp\/v2\/pages\/794\/revisions\/854"}],"wp:attachment":[{"href":"https:\/\/esterilizacion.eu\/en\/wp-json\/wp\/v2\/media?parent=794"}],"curies":[{"name":"wp","href":"https:\/\/api.w.org\/{rel}","templated":true}]}}

Política de privacidad

<p>Los datos de carácter personal que se pudieran recabar directamente del interesado (el “Usuario”) serán tratados de forma confidencial y quedarán incorporados a la correspondiente actividad de tratamiento titularidad del Responsable del Tratamiento, conforme a las normativas vigentes de protección de datos personales <a href="https://www.aepd.es/normativa/index.html">https://www.aepd.es/normativa/index.html</a></p>
<p>En este sentido, trataremos los datos personales con lealtad, transparencia y licitud, solicitando tu consentimiento, tratando los datos estrictamente necesarios para las finalidades requeridas, limitando su conservación a los plazos legalmente establecidos o los necesarios para las finalidades establecidas. asimismo, hemos aplicado las medidas técnicas y organizativas adecuadas, para garantizar la seguridad y confidencialidad de los datos, evitando su uso indebido, destrucción no autorizada o accesos no autorizados.</p>
<p><strong>1.- Responsable del Tratamiento</strong></p>
<ul>
<li>Empresa: Esterilizacion SL</li>
<li>CIF: B58271065</li>
<li>Domicilio social: Calle de la Verneda del Congost, nº12 (P.I del Circuit de Catalunya)</li>
<li>Teléfono: 579.92.82</li>
<li>Correo electrónico: <a href="mailto:esterilizacion@esterilizacion.eu">esterilizacion@esterilizacion.eu</a></li>
</ul>
<p><strong>2.- Finalidades del Tratamiento</strong></p>
<p>Los datos personales solicitados son necesarios para gestionar los servicios que el Responsable del Tratamiento ofrece en el Sitio Web, por lo que, si no nos los facilita, no podremos atenderle correctamente ni prestarle el servicio que ha solicitado.  En este Sitio Web, tratamos sus datos personales con las siguientes finalidades:</p>
<p><strong>Formulario de Contacto</strong></p>
<p>Estos datos se utilizan para hacer un seguimiento de las consultas de los usuarios. Este tratamiento se legitima por el interés del interesado y del responsable del tratamiento. En este formulario se solicitan los siguientes datos personales:</p>
<ul>
<li>Campos Obligatorios: Nombre, correo electrónico.</li>
</ul>
<p>Estos datos no serán cedidos a terceros, y se conservarán mientras exista una actividad comunicativa y, salvo que el Usuario solicite la baja, momento en el que quedarán bloqueados a efectos de poder demostrar que el usuario consintió el tratamiento.</p>
<p><strong>3.- Cesión de Datos</strong></p>
<p>El Responsable del Tratamiento no cederá los datos a terceros salvo consentimiento del Usuario, salvo que exista una obligación legal, o un interés por parte del Usuario.</p>
<p><strong>4.- Obtención de los Datos</strong></p>
<p>Los datos personales son obtenidos mediante el consentimiento del Usuario, mediante formularios u otros métodos transparentes y no invasivos con la privacidad del Usuario. Éste es el responsable de la exactitud y veracidad de los datos facilitados, y de su corrección en caso que hubieren sido actualizados.  Los menores de 14 años requerirán de la autorización de sus padres o de un representante legal para facilitar sus datos personales.</p>
<p><strong>5.- Derechos de los Usuarios</strong></p>
<p>Cualquier Usuario puede retirar su consentimiento en cualquier momento, cuando el mismo se haya otorgado para el tratamiento de sus datos.</p>
<p><strong>Derecho de Acceso</strong></p>
<p>El Usuario tiene el derecho a conocer qué información dispone el Responsable del Tratamiento y a obtener una copia de los mismos.</p>
<p><strong>Derecho de Rectificación</strong></p>
<p>El Usuario tiene el derecho a que se rectifiquen sus datos para actualizarlos o porque son inexactos.</p>
<p><strong>Derecho de Limitación y Oposición</strong></p>
<p>El Usuario tiene el derecho a limitar y oponerse al tratamiento en determinadas circunstancias reconocidas de forma expresa en la normativa.</p>
<p><strong>Derecho de Supresión</strong></p>
<p>El Usuario tiene el derecho a que se supriman sus datos. Cuando la conservación sea necesaria para el cumplimiento de una obligación legal, para el desarrollo de una relación contractual, o para determinar posibles responsabilidades del Responsable del Tratamiento y del Usuario, los datos permanecerán bloqueados de manera que no se pueda realizar tratamiento sobre los mismos.</p>
<p>Puede ejercitar estos derechos mediante el envío de un correo electrónico a: <a href="mailto:esterilizacion@esterilizacion.eu">esterilizacion@esterilizacion.eu</a></p>
<p>No obstante, también puede dirigirse ante la Autoridad de Protección de Datos Personales (<a href="http://www.aepd.es">www.aepd.es</a>)</p>
<p><strong>6.- Modificación de la Política de Privacidad</strong></p>
<p>El Responsable del Tratamiento se reserva el derecho de efectuar, en cualquier momento y sin necesidad de previo aviso, modificaciones y actualizaciones del contenido de esta Política de Privacidad.</p>

<p>Los datos de carácter personal que se pudieran recabar directamente del interesado (el “Usuario”) serán tratados de forma confidencial y quedarán incorporados a la correspondiente actividad de tratamiento titularidad del Responsable del Tratamiento, conforme a las normativas vigentes de protección de datos personales https://www.aepd.es/normativa/index.html En este sentido, trataremos los datos personales con lealtad, transparencia y licitud, solicitando tu consentimiento, tratando los datos estrictamente necesarios para las finalidades requeridas, limitando su conservación a los plazos legalmente establecidos o los necesarios para las finalidades establecidas. asimismo, hemos aplicado las medidas técnicas y organizativas adecuadas, para garantizar la seguridad y confidencialidad de los datos, evitando su uso indebido, destrucción no autorizada o accesos &hellip; <a href="https://esterilizacion.eu/en/politica-de-privacidad/" class="more-link">Continue reading <span class="screen-reader-text">Política de privacidad</span> <span class="meta-nav">&rarr;</span></a></p>
